{"id":1349,"date":"2024-01-18T17:55:03","date_gmt":"2024-01-18T20:55:03","guid":{"rendered":"https:\/\/oficina.iuno.com.br\/?page_id=1349"},"modified":"2024-01-18T17:56:56","modified_gmt":"2024-01-18T20:56:56","slug":"quem-somos","status":"publish","type":"page","link":"https:\/\/oficina.iuno.com.br\/index.php\/quem-somos\/","title":{"rendered":"Quem somos"},"content":{"rendered":"\t\t<div data-elementor-type=\"wp-page\" data-elementor-id=\"1349\" class=\"elementor elementor-1349\">\n\t\t\t\t\t\t\t<div class=\"elementor-element elementor-element-2574063 e-flex e-con-boxed e-con e-parent\" data-id=\"2574063\" data-element_type=\"container\" data-settings=\"{&quot;content_width&quot;:&quot;boxed&quot;}\" data-core-v316-plus=\"true\">\n\t\t\t\t\t<div class=\"e-con-inner\">\n\t\t<div class=\"elementor-element elementor-element-bcf5915 e-con-full e-flex e-con e-child\" data-id=\"bcf5915\" data-element_type=\"container\" data-settings=\"{&quot;content_width&quot;:&quot;full&quot;}\">\n\t\t\t\t<div class=\"elementor-element elementor-element-8ad8b53 elementor-widget elementor-widget-text-editor\" data-id=\"8ad8b53\" data-element_type=\"widget\" data-widget_type=\"text-editor.default\">\n\t\t\t\t<div class=\"elementor-widget-container\">\n\t\t\t<style>\/*! elementor - v3.18.0 - 20-12-2023 *\/\n.elementor-widget-text-editor.elementor-drop-cap-view-stacked .elementor-drop-cap{background-color:#69727d;color:#fff}.elementor-widget-text-editor.elementor-drop-cap-view-framed .elementor-drop-cap{color:#69727d;border:3px solid;background-color:transparent}.elementor-widget-text-editor:not(.elementor-drop-cap-view-default) .elementor-drop-cap{margin-top:8px}.elementor-widget-text-editor:not(.elementor-drop-cap-view-default) .elementor-drop-cap-letter{width:1em;height:1em}.elementor-widget-text-editor .elementor-drop-cap{float:left;text-align:center;line-height:1;font-size:50px}.elementor-widget-text-editor .elementor-drop-cap-letter{display:inline-block}<\/style>\t\t\t\t<h2>Quem somos<\/h2><p>Bem-vindo \u00e0 Oficina das Caixas D&#8217;\u00e1gua, sua parceira dedicada \u00e0 qualidade e seguran\u00e7a no abastecimento de \u00e1gua em Salvador, Bahia. Com uma expertise consolidada na limpeza de caixas d&#8217;\u00e1gua, somos refer\u00eancia na regi\u00e3o, atendendo com excel\u00eancia resid\u00eancias, condom\u00ednios, galp\u00f5es, com\u00e9rcios e ind\u00fastrias.<\/p><p>Compromisso com a Sa\u00fade e Sustentabilidade<\/p><p>Nosso compromisso vai al\u00e9m da limpeza; priorizamos a sa\u00fade e a sustentabilidade. Utilizamos pr\u00e1ticas e produtos que garantem a pureza da \u00e1gua, preservando o meio ambiente. Acreditamos que a responsabilidade ambiental \u00e9 essencial para a constru\u00e7\u00e3o de um futuro mais saud\u00e1vel.<\/p><p>Profissionais Especializados e Equipamentos de Ponta<\/p><p>Contamos com uma equipe altamente qualificada, composta por profissionais especializados em higieniza\u00e7\u00e3o de reservat\u00f3rios. Investimos em tecnologia de ponta, garantindo efici\u00eancia e seguran\u00e7a em todos os nossos servi\u00e7os. Seja para manuten\u00e7\u00e3o preventiva ou corretiva, estamos prontos para superar suas expectativas.<\/p><p>Atendimento Personalizado em Salvador e Regi\u00e3o<\/p><p>Localizados estrategicamente em Salvador, atendemos toda a regi\u00e3o com agilidade e comprometimento. Nosso atendimento personalizado visa entender as necessidades espec\u00edficas de cada cliente, proporcionando solu\u00e7\u00f5es customizadas que asseguram a qualidade da \u00e1gua consumida em sua propriedade.<\/p><p>Oficina das Caixas D&#8217;\u00e1gua: Sua Escolha Segura e Confi\u00e1vel<\/p><p>Escolher a Oficina das Caixas D&#8217;\u00e1gua \u00e9 optar pela tranquilidade e confian\u00e7a em servi\u00e7os de limpeza de caixas d&#8217;\u00e1gua. Estamos empenhados em preservar a sa\u00fade de nossos clientes e o meio ambiente, tornando-nos a escolha segura para garantir a pureza da \u00e1gua em resid\u00eancias e estabelecimentos comerciais. Entre em contato conosco e descubra como podemos contribuir para a qualidade da \u00e1gua em sua propriedade.<\/p>\t\t\t\t\t\t<\/div>\n\t\t\t\t<\/div>\n\t\t\t\t<\/div>\n\t\t<div class=\"elementor-element elementor-element-22559d9 e-con-full e-flex e-con e-child\" data-id=\"22559d9\" data-element_type=\"container\" data-settings=\"{&quot;content_width&quot;:&quot;full&quot;}\">\n\t\t\t\t<div class=\"elementor-element elementor-element-4bee032 elementor-widget elementor-widget-image\" data-id=\"4bee032\" data-element_type=\"widget\" data-widget_type=\"image.default\">\n\t\t\t\t<div class=\"elementor-widget-container\">\n\t\t\t<style>\/*! elementor - v3.18.0 - 20-12-2023 *\/\n.elementor-widget-image{text-align:center}.elementor-widget-image a{display:inline-block}.elementor-widget-image a img[src$=\".svg\"]{width:48px}.elementor-widget-image img{vertical-align:middle;display:inline-block}<\/style>\t\t\t\t\t\t\t\t\t\t\t\t<img fetchpriority=\"high\" decoding=\"async\" width=\"768\" height=\"1024\" src=\"https:\/\/oficina.iuno.com.br\/wp-content\/uploads\/2024\/01\/WhatsApp-Image-2024-01-18-at-13.09.10-1-768x1024.jpeg\" class=\"attachment-large size-large wp-image-1275\" alt=\"\" srcset=\"https:\/\/oficina.iuno.com.br\/wp-content\/uploads\/2024\/01\/WhatsApp-Image-2024-01-18-at-13.09.10-1-768x1024.jpeg 768w, https:\/\/oficina.iuno.com.br\/wp-content\/uploads\/2024\/01\/WhatsApp-Image-2024-01-18-at-13.09.10-1-225x300.jpeg 225w, https:\/\/oficina.iuno.com.br\/wp-content\/uploads\/2024\/01\/WhatsApp-Image-2024-01-18-at-13.09.10-1-1152x1536.jpeg 1152w, https:\/\/oficina.iuno.com.br\/wp-content\/uploads\/2024\/01\/WhatsApp-Image-2024-01-18-at-13.09.10-1.jpeg 1200w\" sizes=\"(max-width: 768px) 100vw, 768px\" \/>\t\t\t\t\t\t\t\t\t\t\t\t\t\t\t<\/div>\n\t\t\t\t<\/div>\n\t\t\t\t<\/div>\n\t\t\t\t\t<\/div>\n\t\t\t\t<\/div>\n\t\t\t\t\t\t\t<\/div>\n\t\t","protected":false},"excerpt":{"rendered":"<p>Quem somos Bem-vindo \u00e0 Oficina das Caixas D&#8217;\u00e1gua, sua parceira dedicada \u00e0 qualidade e seguran\u00e7a no abastecimento de \u00e1gua em Salvador, Bahia. Com uma expertise consolidada na limpeza de caixas d&#8217;\u00e1gua, somos refer\u00eancia na regi\u00e3o, atendendo com excel\u00eancia resid\u00eancias, condom\u00ednios, galp\u00f5es, com\u00e9rcios e ind\u00fastrias. Compromisso com a Sa\u00fade e Sustentabilidade Nosso compromisso vai al\u00e9m da&#8230;<\/p>\n","protected":false},"author":1,"featured_media":0,"parent":0,"menu_order":0,"comment_status":"closed","ping_status":"closed","template":"","meta":{"_kadence_starter_templates_imported_post":false,"_kad_post_transparent":"","_kad_post_title":"hide","_kad_post_layout":"fullwidth","_kad_post_sidebar_id":"","_kad_post_content_style":"unboxed","_kad_post_vertical_padding":"hide","_kad_post_feature":"hide","_kad_post_feature_position":"","_kad_post_header":false,"_kad_post_footer":false,"footnotes":"","_joinchat":[]},"_links":{"self":[{"href":"https:\/\/oficina.iuno.com.br\/index.php\/wp-json\/wp\/v2\/pages\/1349"}],"collection":[{"href":"https:\/\/oficina.iuno.com.br\/index.php\/wp-json\/wp\/v2\/pages"}],"about":[{"href":"https:\/\/oficina.iuno.com.br\/index.php\/wp-json\/wp\/v2\/types\/page"}],"author":[{"embeddable":true,"href":"https:\/\/oficina.iuno.com.br\/index.php\/wp-json\/wp\/v2\/users\/1"}],"replies":[{"embeddable":true,"href":"https:\/\/oficina.iuno.com.br\/index.php\/wp-json\/wp\/v2\/comments?post=1349"}],"version-history":[{"count":7,"href":"https:\/\/oficina.iuno.com.br\/index.php\/wp-json\/wp\/v2\/pages\/1349\/revisions"}],"predecessor-version":[{"id":1357,"href":"https:\/\/oficina.iuno.com.br\/index.php\/wp-json\/wp\/v2\/pages\/1349\/revisions\/1357"}],"wp:attachment":[{"href":"https:\/\/oficina.iuno.com.br\/index.php\/wp-json\/wp\/v2\/media?parent=1349"}],"curies":[{"name":"wp","href":"https:\/\/api.w.org\/{rel}","templated":true}]}}